{"id":20,"date":"2012-02-22T21:14:04","date_gmt":"2012-02-22T21:14:04","guid":{"rendered":"http:\/\/www.praktijkdecirkelrond.nl\/2012\/?page_id=20"},"modified":"2026-04-06T19:00:06","modified_gmt":"2026-04-06T19:00:06","slug":"welkom-bij-praktijk-de-cirkel-rond","status":"publish","type":"page","link":"https:\/\/www.praktijkdecirkelrond.nl\/2012\/","title":{"rendered":"DE CIRKEL ROND"},"content":{"rendered":"<p><em><span style=\"color: #800000;\"><strong>Praktijk is gesloten van 14 april &#8211; 10 mei 2026<\/p>\n<p><span style=\"color: #008000;\">7 juni 2026<br \/>\nInspiratie Event &#8211; Netwerk Bewust Achterhoek &#8211; Kaardebol in Zutphen<br \/>\n<\/span><span style=\"color: #008000;\">Praktijk de Cirkel Rond is mede organisator \u00e9n zal aanwezig zijn met een kraam.<\/span><br \/>\n<\/strong><\/span><\/em><\/p>\n<p>Praktijk met een holistische visie en <strong>5 natuurgerichte principes<\/strong><\/p>\n<p>Binnen de praktijk werk ik als Complementair Therapeut waarin ik multidisciplinair gebruik maak van mijn dienstverlening.<br \/>\nDit houdt in dat er gewerkt wordt vanuit de volgende\u00a05 natuurgerichte principes.<br \/>\nHet zijn eigenlijk 5 natuurwetten die ook als een cirkel met elkaar zijn verbonden:<\/p>\n<ul>\n<li>Energie<\/li>\n<li>Prikkeloverdracht<\/li>\n<li>Drainage<\/li>\n<li>Voeding<\/li>\n<li>Geestelijk welzijn<\/li>\n<\/ul>\n<p><strong><span style=\"color: #008000;\">Energie<\/span><a href=\"https:\/\/www.praktijkdecirkelrond.nl\/2012\/wp-content\/uploads\/2013\/04\/SAM_1039.JPG\"><img loading=\"lazy\" class=\"alignright size-medium wp-image-368\" src=\"https:\/\/www.praktijkdecirkelrond.nl\/2012\/wp-content\/uploads\/2013\/04\/SAM_1039-300x225.jpg\" alt=\"SAM_1039.JPG\" width=\"300\" height=\"225\" srcset=\"https:\/\/www.praktijkdecirkelrond.nl\/2012\/wp-content\/uploads\/2013\/04\/SAM_1039-300x225.jpg 300w, https:\/\/www.praktijkdecirkelrond.nl\/2012\/wp-content\/uploads\/2013\/04\/SAM_1039-1024x768.jpg 1024w, https:\/\/www.praktijkdecirkelrond.nl\/2012\/wp-content\/uploads\/2013\/04\/SAM_1039-880x660.jpg 880w, https:\/\/www.praktijkdecirkelrond.nl\/2012\/wp-content\/uploads\/2013\/04\/SAM_1039-160x120.jpg 160w\" sizes=\"(max-width: 300px) 100vw, 300px\" \/><\/a><\/strong><\/p>\n<p>Alles in en om ons heen bestaat uit energie. De basis van het leven is energie.<br \/>\nWaar energie is, is beweging. Energie verbindt.<br \/>\nAls de Energie niet doorstroomt, doordat er bijv. blokkades zitten, kan dit gezondheidsproblemen met zich mee brengen. Het lichaam, het \u201czelfhelend vermogen\u201d heeft energie nodig om te kunnen werken aan genezing.<br \/>\n*Met behulp van o.a. een therapeutische massage, het advies in het gebruik van de \u00a0Sch\u00fcssler Celzouten, wordt er op celnivo gewerkt aan de energiebalans van de cli\u00ebnt. Zonder energie functioneert het lichaam niet optimaal en kan er ook geen genezing plaats vinden. Binnen de Celzout-therapie is dat ook de eerste stap; is er voldoende energie?<\/p>\n<p><span style=\"color: #008000;\"><strong>Prikkeloverdracht<\/strong><\/span><\/p>\n<p>Wanneer er een goede communicatie binnen het energiesysteem is, kunnen \u201cprikkels\u201d die binnenkomen, goed doorgestuurd worden. De prikkeloverdracht komt tot stand via je zenuwstelsel.<br \/>\nPrikkels, invloeden; alles wat er op ons afkomt, \u00a0verwerken we. Als deze overdracht niet goed verloopt, ontstaat er stagnatie en daarmee kunnen bijv. organen niet goed functioneren. De Prikkeloverdracht is ook verantwoordelijk om het \u201czelfhelend vermogen\u201d die prikkels te geven die nodig zijn.<br \/>\n* Bij het ondergaan van de therapeutische massages, het innemen van de Bach Bloesems \u00e9n ook met de Celzout-therapie komen er veel prikkeloverdrachten voor.<\/p>\n<p><span style=\"color: #008000;\"><strong>Drainage<\/strong><\/span><\/p>\n<p>\u201cDoor\u201dstromen van energie, is net zo belangrijk als \u201cafstromen\u201d. Door het leven te \u201cleven\u201d bouw je ook afvalstoffen op. Invloeden als verkeerde voeding, straling, emoties, stress, erfelijke belasting, kunnen in ons lichaam blijven als er geen goede afstroming is. Daarnaast kan ons lichaam zelf een overbelasting van afvalstoffen cre\u00ebren doordat bijvoorbeeld ons lymfesysteem of bloedcirculatie niet optimaal functioneren. Ons lichaam is onder gunstige omstandigheden in staat om de meeste afvalstoffen zonder problemen uit te scheiden via onze uitscheidingsorganen. Soms echter is hete wenselijk om het lichaam daarin te ondersteunen en te stimuleren. Wanneer er te veel afvalstoffen in het lichaam aanwezig zijn, bijvoorbeeld in onze darmen, dan kunnen voedingsstoffen ook niet goed meer worden opgenomen.<br \/>\n* Een methode van afstromen is een therapeutische massage. Ook tijdens de detox-begeleiding in de praktijk, werken we met dit natuurgerichte principe.<\/p>\n<p><span style=\"color: #008000;\"><strong>Voeding<\/strong><\/span><\/p>\n<p>Lichaam en Geest voeden zich met Voeding. Voeding onderhoudt je cellen en voorziet deze van brandstof. Eet je wel de voeding die bij je past en die jouw systeem voedt, waardoor de energie gaat stromen, stijgen? En waar voed jij je Geestelijke lichaam mee? Dit is ook een vorm van voeding die van wezenlijk belang is voor de balans tussen lichaam en geest.<br \/>\n* Het gebruik van de Sch\u00fcssler Celzouten is een vorm van voeding voor ons lichaam en geest. Binnen de praktijk wordt deze vorm van therapie veel ingezet om tot diep in de cel onszelf te ondersteunen \u00e9n het zelfhelend vermogen te versterken.<br \/>\n* Wanneer er specifieke vragen zijn t.b.v. voeding, werk ik ook samen met een voedingstherapeut.<\/p>\n<p><span style=\"color: #008000;\"><strong>Geestelijk welzijn<\/strong><\/span><\/p>\n<p>Naast de voorgaande principes be\u00efnvloeden emotionele, mentale en spirituele aspecten jouw gezondheid en welzijn. Ben jij je bewust hoe je omgaat met je psyche? Hoe ga je om met je emoties en gevoelens? Bewustzijn over je belemmerende denk- ene gedragspatronen is buitengewoon belangrijk. Dit voor het geestelijke maar ook fysieke welzijn. Door zorgen of andere geestelijke spanningen kunnen veel klachten, zoals maagklachten, hoofdpijn of verkrampte spieren ontstaan. Je leert de belemmerende denk- en gedragsproblemen op een gezonde manier te veranderen, te doorbreken of los te laten. Dit voor een zo goed mogelijk herstel, maar ook om in de toekomst in balans te blijven.<br \/>\nEn h\u00e9\u00e9l belangrijk:\u00a0heb je het naar je \u201czin\u201d in je leven?<br \/>\nDoe jij de dingen die je wilt doen \u00f3f omdat het moet?<br \/>\n* Dit element, dit natuurgerichte principe, speelt een grote rol in de verschillende takken van mijn praktijk als natuurgeneeskundige therapeut.<\/p>\n<p>&nbsp;<\/p>\n<h1><a href=\"https:\/\/www.praktijkdecirkelrond.nl\/2012\/wp-content\/uploads\/2020\/08\/EC85BAA6-A873-4A3D-BA1C-8B269F0F17D6.jpeg\"><img loading=\"lazy\" class=\"alignnone size-medium wp-image-1926\" src=\"https:\/\/www.praktijkdecirkelrond.nl\/2012\/wp-content\/uploads\/2020\/08\/EC85BAA6-A873-4A3D-BA1C-8B269F0F17D6-209x300.jpeg\" alt=\"\" width=\"209\" height=\"300\" srcset=\"https:\/\/www.praktijkdecirkelrond.nl\/2012\/wp-content\/uploads\/2020\/08\/EC85BAA6-A873-4A3D-BA1C-8B269F0F17D6-209x300.jpeg 209w, https:\/\/www.praktijkdecirkelrond.nl\/2012\/wp-content\/uploads\/2020\/08\/EC85BAA6-A873-4A3D-BA1C-8B269F0F17D6-768x1102.jpeg 768w, https:\/\/www.praktijkdecirkelrond.nl\/2012\/wp-content\/uploads\/2020\/08\/EC85BAA6-A873-4A3D-BA1C-8B269F0F17D6-644x924.jpeg 644w, https:\/\/www.praktijkdecirkelrond.nl\/2012\/wp-content\/uploads\/2020\/08\/EC85BAA6-A873-4A3D-BA1C-8B269F0F17D6-880x1263.jpeg 880w, https:\/\/www.praktijkdecirkelrond.nl\/2012\/wp-content\/uploads\/2020\/08\/EC85BAA6-A873-4A3D-BA1C-8B269F0F17D6.jpeg 1115w\" sizes=\"(max-width: 209px) 100vw, 209px\" \/><\/a>\u00a0 \u00a0 \u00a0 \u00a0\u00a0 \u00a0\u00a0 \u00a0\u00a0 \u00a0\u00a0 \u00a0\u00a0<a href=\"https:\/\/www.praktijkdecirkelrond.nl\/2012\/wp-content\/uploads\/2020\/08\/IMG_7771.jpeg\"><img loading=\"lazy\" class=\"alignnone size-medium wp-image-1927\" src=\"https:\/\/www.praktijkdecirkelrond.nl\/2012\/wp-content\/uploads\/2020\/08\/IMG_7771-279x300.jpeg\" alt=\"\" width=\"279\" height=\"300\" srcset=\"https:\/\/www.praktijkdecirkelrond.nl\/2012\/wp-content\/uploads\/2020\/08\/IMG_7771-279x300.jpeg 279w, https:\/\/www.praktijkdecirkelrond.nl\/2012\/wp-content\/uploads\/2020\/08\/IMG_7771-768x825.jpeg 768w, https:\/\/www.praktijkdecirkelrond.nl\/2012\/wp-content\/uploads\/2020\/08\/IMG_7771-644x692.jpeg 644w, https:\/\/www.praktijkdecirkelrond.nl\/2012\/wp-content\/uploads\/2020\/08\/IMG_7771-880x946.jpeg 880w\" sizes=\"(max-width: 279px) 100vw, 279px\" \/><\/a><\/h1>\n<h2><b><br \/>\n<\/b>DE PRAKTIJK<strong><a style=\"color: #008000;\" href=\"https:\/\/www.praktijkdecirkelrond.nl\/2012\/schussler-celzouten-cursus\/\"><br \/>\n<\/a><\/strong><\/h2>\n<p>Dit zijn mijn belangrijkste activiteiten<\/p>\n<p><span style=\"color: #993366;\"><a style=\"color: #993366;\" title=\"Alternatieve geneeswijzen\" href=\"https:\/\/www.praktijkdecirkelrond.nl\/2012\/alternatieve-geneeswijzen\/\">Bach Bloesem Remedies<\/a><\/span><\/p>\n<p><span style=\"color: #993366;\"><a style=\"color: #993366;\" title=\"Alternatieve geneeswijzen\" href=\"https:\/\/www.praktijkdecirkelrond.nl\/2012\/alternatieve-geneeswijzen\/\">Celzouten Mineralen kuur volgens Dr. Sch\u00fcssle<\/a>r<\/span><\/p>\n<p><span style=\"color: #993366;\"><span style=\"color: #993366;\">Intu\u00eftief coachen met Encaustic Art\u00ae<\/span><\/span><\/p>\n<p><span style=\"color: #993366;\"><span style=\"color: #993366;\">Coachen m.b.v het Innerlijk Familie Schilden model<\/span><\/span><\/p>\n<p><span style=\"color: #993366;\"><span style=\"color: #993366;\">Fonoforese &#8211; Stemvork resonantie<br \/>\n<\/span><\/span><a href=\"https:\/\/www.praktijkdecirkelrond.nl\/2012\/wp-content\/uploads\/2020\/12\/0A675AD7-EE99-4B21-812E-ACC7C014A6BF.png\"><img loading=\"lazy\" class=\"alignnone size-medium wp-image-1967\" src=\"https:\/\/www.praktijkdecirkelrond.nl\/2012\/wp-content\/uploads\/2020\/12\/0A675AD7-EE99-4B21-812E-ACC7C014A6BF-300x261.png\" alt=\"\" width=\"300\" height=\"261\" srcset=\"https:\/\/www.praktijkdecirkelrond.nl\/2012\/wp-content\/uploads\/2020\/12\/0A675AD7-EE99-4B21-812E-ACC7C014A6BF-300x261.png 300w, https:\/\/www.praktijkdecirkelrond.nl\/2012\/wp-content\/uploads\/2020\/12\/0A675AD7-EE99-4B21-812E-ACC7C014A6BF-768x668.png 768w, https:\/\/www.praktijkdecirkelrond.nl\/2012\/wp-content\/uploads\/2020\/12\/0A675AD7-EE99-4B21-812E-ACC7C014A6BF-644x560.png 644w, https:\/\/www.praktijkdecirkelrond.nl\/2012\/wp-content\/uploads\/2020\/12\/0A675AD7-EE99-4B21-812E-ACC7C014A6BF.png 827w\" sizes=\"(max-width: 300px) 100vw, 300px\" \/><\/a><\/p>\n<h4><span style=\"color: #008000;\"><a href=\"https:\/\/www.praktijkdecirkelrond.nl\/2012\/wp-content\/uploads\/2024\/03\/374758803_779545644181590_5914286242446290085_n.jpg\">\u00a0 \u00a0 \u00a0 \u00a0 \u00a0 \u00a0 \u00a0 \u00a0 \u00a0 \u00a0 \u00a0 \u00a0 \u00a0 \u00a0<img loading=\"lazy\" class=\"alignnone size-medium wp-image-2336\" src=\"https:\/\/www.praktijkdecirkelrond.nl\/2012\/wp-content\/uploads\/2024\/03\/374758803_779545644181590_5914286242446290085_n-200x300.jpg\" alt=\"\" width=\"200\" height=\"300\" srcset=\"https:\/\/www.praktijkdecirkelrond.nl\/2012\/wp-content\/uploads\/2024\/03\/374758803_779545644181590_5914286242446290085_n-200x300.jpg 200w, https:\/\/www.praktijkdecirkelrond.nl\/2012\/wp-content\/uploads\/2024\/03\/374758803_779545644181590_5914286242446290085_n-644x966.jpg 644w, https:\/\/www.praktijkdecirkelrond.nl\/2012\/wp-content\/uploads\/2024\/03\/374758803_779545644181590_5914286242446290085_n.jpg 683w\" sizes=\"(max-width: 200px) 100vw, 200px\" \/><\/a><\/span><\/h4>\n<p>&nbsp;<\/p>\n<p><span style=\"color: #008000;\">Extra aandacht voor Fonoforese&#8230;.<br \/>\nIk ben geraakt door de wereld van de <strong>&#8216;Fonoforese&#8217;.<\/strong><\/span><\/p>\n<p><span style=\"color: #008000;\">Een bijzondere ontmoeting met zoveel meer&#8230;.<\/span><\/p>\n<p dir=\"auto\"><strong><span style=\"color: #008000;\">\u201cAlles is constant in beweging. Beweging is trilling en is de basis van alles. De trilling benoemen wij met het woord Herz. De hoeveelheid herz geeft aan hoe hoog of laag de trilling is. Wanneer de trillingen van de diverse elementen met elkaar harmoniseren is er resonantie. Veel mensen vandaag de dag zijn niet meer met de oorspronkelijke trilling van het leven in harmonie. Zij resoneren niet mee met de gezonde trilling van het universum. Door stress van de steeds drukker en voller wordende maatschappij en door de gifstoffen in de lucht en in ons eten dreigen we steeds verder af te raken van onze oorspronkelijke harmonie met de aarde en de kosmos. Hoe kunnen we de harmonie en gezonde resonantie weer vinden?<br \/>\n<\/span><\/strong><span style=\"color: #008000;\"><strong>\u00c9\u00e9n van de mogelijkheden om te werken met trillingsfrequenties-die afgestemd zijn op het gezonde ritme van de aarde \u00e9n het universum- is het werken met stemvorken\u201d.<\/strong><br \/>\n<\/span><\/p>\n<p>&nbsp;<\/p>\n<p><strong>Actuele informatie over activiteiten en cursussen vind je in de <a href=\"https:\/\/www.praktijkdecirkelrond.nl\/2012\/agenda\/\">agenda<\/a><\/strong><\/p>\n<h1><span style=\"font-size: 12px;\">\u00a0 \u00a0 \u00a0 \u00a0 \u00a0 \u00a0 \u00a0 \u00a0 \u00a0 \u00a0 \u00a0 \u00a0 \u00a0 \u00a0 \u00a0 \u00a0 \u00a0 \u00a0 \u00a0 \u00a0 \u00a0 \u00a0 \u00a0 \u00a0 \u00a0 \u00a0 \u00a0 \u00a0 \u00a0 \u00a0 \u00a0 \u00a0 \u00a0\u00a0<a href=\"https:\/\/www.praktijkdecirkelrond.nl\/2012\/wp-content\/uploads\/2012\/02\/60a.jpg\"><br \/>\n<\/a><\/span><\/h1>\n<h3><\/h3>\n<p><span style=\"color: #008000;\">\u00a0<\/span><\/p>\n","protected":false},"excerpt":{"rendered":"<p>Praktijk is gesloten van 14 april &#8211; 10 mei 2026 7 juni 2026 Inspiratie Event &#8211; Netwerk Bewust Achterhoek &#8211; Kaardebol in Zutphen Praktijk de Cirkel Rond is mede organisator \u00e9n zal aanwezig zijn met een kraam. Praktijk met een holistische visie en 5 natuurgerichte principes Binnen de praktijk werk ik als Complementair Therapeut waarin [&hellip;]<\/p>\n","protected":false},"author":1,"featured_media":0,"parent":0,"menu_order":0,"comment_status":"open","ping_status":"closed","template":"template-page-fullwidth.php","meta":{"_monsterinsights_skip_tracking":false,"_monsterinsights_sitenote_active":false,"_monsterinsights_sitenote_note":"","_monsterinsights_sitenote_category":0},"_links":{"self":[{"href":"https:\/\/www.praktijkdecirkelrond.nl\/2012\/wp-json\/wp\/v2\/pages\/20"}],"collection":[{"href":"https:\/\/www.praktijkdecirkelrond.nl\/2012\/wp-json\/wp\/v2\/pages"}],"about":[{"href":"https:\/\/www.praktijkdecirkelrond.nl\/2012\/wp-json\/wp\/v2\/types\/page"}],"author":[{"embeddable":true,"href":"https:\/\/www.praktijkdecirkelrond.nl\/2012\/wp-json\/wp\/v2\/users\/1"}],"replies":[{"embeddable":true,"href":"https:\/\/www.praktijkdecirkelrond.nl\/2012\/wp-json\/wp\/v2\/comments?post=20"}],"version-history":[{"count":338,"href":"https:\/\/www.praktijkdecirkelrond.nl\/2012\/wp-json\/wp\/v2\/pages\/20\/revisions"}],"predecessor-version":[{"id":2599,"href":"https:\/\/www.praktijkdecirkelrond.nl\/2012\/wp-json\/wp\/v2\/pages\/20\/revisions\/2599"}],"wp:attachment":[{"href":"https:\/\/www.praktijkdecirkelrond.nl\/2012\/wp-json\/wp\/v2\/media?parent=20"}],"curies":[{"name":"wp","href":"https:\/\/api.w.org\/{rel}","templated":true}]}}